alculate the greatest common factor of 51 and 272.
17
What is the greatest common factor of 3165 and 165?
15
What is the highest common divisor of 78 and 429?
39
What is the greatest common factor of 220 and 80?
20
Calculate the highest common divisor of 1674 and 62.
62
Calculate the greatest common factor of 77577 and 19.
19
Calculate the greatest common divisor of 13056 and 96.
96
Calculate the highest common factor of 525 and 35.
35
What is the greatest common divisor of 65 and 13780?
65
Calculate the highest common factor of 116 and 1943.
29
What is the greatest common divisor of 23080 and 40?
40
Calculate the highest common divisor of 1225 and 50.
25
What is the highest common divisor of 198 and 44?
22
Calculate the highest common divisor of 266 and 854.
14
What is the greatest common divisor of 1023 and 186?
93
What is the highest common divisor of 17 and 629?
17
Calculate the highest common divisor of 27 and 9693.
27
Calculate the highest common divisor of 95 and 10.
5
Calculate the greatest common factor of 37 and 296.
37
Calculate the greatest common divisor of 2250 and 120.
30
What is the greatest common divisor of 1378 and 52?
26
Calculate the highest common factor of 187 and 11.
11
Calculate the highest common factor of 2 and 7.
1
Calculate the greatest common divisor of 5544 and 594.
198
Calculate the greatest common factor of 43 and 4687.
43
Calculate the greatest common factor of 3752 and 112.
56
What is the highest common divisor of 21 and 21?
21
What is the greatest common divisor of 33 and 2123?
11
Calculate the highest common divisor of 1141 and 163.
163
Calculate the highest common factor of 63 and 231.
21
Calculate the greatest common divisor of 595 and 34.
17
What is the greatest common factor of 4316 and 249?
83
What is the highest common divisor of 12 and 1644?
12
Calculate the greatest common factor of 56 and 4424.
56
Calculate the highest common divisor of 238 and 378.
14
What is the highest common divisor of 10 and 6140?
10
What is the greatest common factor of 100 and 12?
4
What is the greatest common divisor of 156 and 1300?
52
Calculate the greatest common divisor of 14 and 196.
14
What is the greatest common divisor of 150 and 110?
10
Calculate the highest common divisor of 2316 and 12.
12
What is the greatest common divisor of 70 and 455?
35
What is the greatest common divisor of 273 and 6591?
39
Calculate the greatest common divisor of 504 and 576.
72
What is the greatest common factor of 714 and 14042?
238
What is the highest common factor of 10791 and 99?
99
What is the highest common divisor of 72 and 15012?
36
What is the highest common divisor of 99 and 792?
99
What is the highest common divisor of 80 and 2320?
80
Calculate the highest common factor of 376 and 3666.
94
What is the greatest common divisor of 384 and 48?
48
Calculate the greatest common factor of 99 and 22.
11
What is the highest common factor of 5346 and 132?
66
Calculate the greatest common divisor of 3 and 123.
3
What is the highest common divisor of 231 and 84?
21
Calculate the highest common factor of 40 and 7184.
8
What is the highest common divisor of 84 and 672?
84
Calculate the greatest common factor of 115 and 4715.
115
What is the highest common divisor of 501 and 15?
3
What is the greatest common factor of 492 and 656?
164
What is the highest common factor of 41 and 451?
41
What is the highest common factor of 9225 and 25?
25
What is the highest common factor of 531 and 207?
9
What is the greatest common factor of 2316 and 24?
12
What is the greatest common factor of 170 and 8585?
85
Calculate the highest common divisor of 648 and 378.
54
Calculate the highest common factor of 1408 and 11.
11
What is the greatest common divisor of 462 and 210?
42
What is the highest common divisor of 40 and 8100?
20
Calculate the greatest common factor of 48 and 60.
12
What is the greatest common factor of 2916 and 3?
3
What is the highest common factor of 198 and 1881?
99
What is the greatest common factor of 32 and 5536?
32
What is the greatest common divisor of 83 and 1?
1
Calculate the greatest common factor of 74 and 9805.
37
What is the greatest common factor of 600 and 1575?
75
What is the highest common divisor of 332 and 28?
4
Calculate the greatest common factor of 24 and 128.
8
What is the greatest common factor of 288 and 16?
16
Calculate the highest common factor of 6 and 69.
3
What is the highest common divisor of 2300 and 276?
92
What is the greatest common factor of 1178 and 684?
38
What is the greatest common divisor of 3 and 107?
1
Calculate the greatest common factor of 208 and 169.
13
What is the highest common factor of 325 and 26?
13
What is the highest common factor of 38 and 323?
19
Calculate the highest common divisor of 23 and 78361.
23
Calculate the highest common factor of 15 and 1635.
15
What is the greatest common divisor of 28696 and 51?
17
Calculate the highest common factor of 37 and 1813.
37
What is the greatest common divisor of 100 and 120?
20
What is the highest common divisor of 13 and 13?
13
Calculate the greatest common factor of 36 and 18.
18
What is the greatest common divisor of 54 and 24?
6
What is the highest common divisor of 28 and 42?
14
Calculate the greatest common factor of 1395 and 45.
45
Calculate the greatest common factor of 130 and 55.
5
Calculate the greatest common factor of 5 and 7.
1
What is the highest common divisor of 13 and 15353?
13
Calculate the greatest common factor of 382 and 2.
2
What is the greatest common divisor of 21 and 497?
7
Calculate the greatest common factor of 3787 and 7.
7
Calculate the highest common factor of 224 and 140.
28
What is the greatest common factor of 50 and 2725?
25
What is the greatest common divisor of 1442 and 14?
14
What is the greatest common divisor of 13 and 3?
1
What is the highest common divisor of 2583 and 3?
3
Calculate the highest common divisor of 208 and 130.
26
What is the greatest common factor of 140 and 100?
20
What is the greatest common divisor of 6750 and 36?
18
Calculate the highest common factor of 29 and 2349.
29
What is the greatest common divisor of 352 and 11?
11
What is the highest common factor of 42 and 1323?
21
What is the highest common divisor of 68 and 493?
17
Calculate the highest common divisor of 66 and 627.
33
What is the highest common divisor of 1071 and 459?
153
Calculate the highest common divisor of 34 and 221.
17
Calculate the highest common factor of 30 and 560.
10
What is the greatest common divisor of 76 and 62?
2
Calculate the highest common divisor of 392 and 9212.
196
Calculate the highest common divisor of 4 and 144.
4
What is the highest common factor of 30 and 1?
1
What is the highest common divisor of 130 and 39910?
130
What is the highest common divisor of 288 and 1968?
48
What is the highest common divisor of 232 and 96?
8
Calculate the highest common factor of 15 and 12.
3
Calculate the highest common factor of 187 and 11.
11
What is the greatest common factor of 8480 and 64?
32
What is the greatest common factor of 49 and 1?
1
What is the highest common factor of 1692 and 360?
36
What is the highest common factor of 52 and 5?
1
What is the greatest common divisor of 30 and 80?
10
Calculate the highest common divisor of 220 and 60.
20
Calculate the greatest common factor of 10 and 640.
10
What is the highest common divisor of 160 and 544?
32
Calculate the greatest common factor of 90 and 405.
45
What is the highest common divisor of 351 and 18?
9
Calculate the highest common divisor of 115 and 184.
23
What is the greatest common factor of 25 and 22025?
25
Calculate the greatest common divisor of 927 and 5253.
309
Calculate the highest common factor of 1617 and 49.
49
Calculate the greatest common divisor of 287 and 7.
7
What is the greatest common divisor of 630 and 1512?
126
What is the greatest common factor of 8421 and 42?
21
Calculate the greatest common factor of 1624 and 928.
232
What is the highest common divisor of 322 and 112?
14
What is the greatest common divisor of 71958 and 134?
134
Calculate the highest common divisor of 323 and 102.
17
Calculate the highest common factor of 5 and 440.
5
What is the greatest common divisor of 700 and 1600?
100
What is the highest common divisor